Let m be q(7). Let g = m + 108. What is the units digit of g?
2
Let y = 20601 - 11764. What is the thousands digit of y?
8
Let c(x) = -49*x + 1. Let k be c(1). Let b = 80 + k. What is the tens digit of b - (5 + -3 + 1)?
2
Let w be 55/((6510/935)/(-7) + 1). Suppose -16*z - z = -w. What is the tens digit of z?
0
Suppose -3*m + 0*m + 9863 = -2*l, -3*m - 5*l + 9856 = 0. What is the tens digit of m?
8
Let z = -97016 + 145198. What is the units digit of z?
2
Let v(i) be the third derivative of i**4/24 + 2*i**3 - 5*i**2. Let m be v(-13). What is the units digit of ((-2)/(-4) - m)/((-84)/(-3920))?
0
Let w be 8/2 + 74/1. Let n = 62 - w. Let d = n - -49. What is the tens digit of d?
3
Let o(s) = s**3 + 10*s**2 + 26*s + 2. Let w be o(-6). Let i be 7/(38 - 3) - (-2)/w. What is the units digit of 35 + 3/(-12)*i?
5
Suppose 44*i - 42*i + 1473 = k, -3*i = 15. Suppose k = -6*a + 6083. What is the units digit of a?
0
Let j(g) = -35*g + 160. Let r be j(-31). Let q = r - 644. What is the hundreds digit of q?
6
Suppose -6*r + r = -15, 5*q - 19514 = 2*r. Suppose 0 = -s + 5*s - q. Suppose -5*c = -s + 316. What is the units digit of c?
2
Suppose 4*i - m - 15 = -224, 2*i - 5*m = -127. What is the hundreds digit of (-14454)/(-34) - (147/i + 3)?
4
Suppose -1060*j = -1008*j - 81692. What is the hundreds digit of j?
5
Let r be (-1 - 2 - -1)/(14/(-133)). Suppose r*i - 9826 + 2853 = 0. What is the units digit of i?
7
Suppose 29465 = 18*x - 31915. What is the hundreds digit of x?
4
Let r(k) = -3*k**2 + 21*k + 14. Let i be r(11). Let x = i - -120. Suppose -x*y + 5*u = -95, -4*y + u + 2*u + 211 = 0. What is the tens digit of y?
5
Let v(h) = 5*h**2 + 3*h - 3. Let a be v(-2). Suppose -4*u + 70 + a = -3*o, 5*o = 4*u - 135. What is the units digit of ((-36)/7)/(o/126)?
4
Suppose 0 = o - 5*a - 8827, -8*a + 17598 = 2*o - 4*a. What is the tens digit of o?
0
Suppose 2*l = -5*y + 53052, -y + 4793 = -l - 5816. What is the units digit of (-1 - y/(-8)) + 155/(-620)?
5
Suppose -j + 64*b + 20241 = 69*b, -101379 = -5*j + 4*b. What is the thousands digit of j?
0
Let g(w) = -2*w**2 + 26*w - 77. Let r(k) = -4*k**2 + 51*k - 152. Let y(q) = -5*g(q) + 2*r(q). What is the tens digit of y(17)?
8
Let f be 3185 + (-7)/((-21)/24). Suppose 0 = 5*h - 8363 + f. What is the hundreds digit of h?
0
Suppose 22*y - 6106 = 17*y + b, 2*y = 4*b + 2464. What is the hundreds digit of y?
2
Suppose 0 = 19*v - 18*v - 3. Suppose -5*s + 498 = 3*j, -3*j + 0*j - v*s = -498. What is the units digit of j?
6
Let w = 101792 - 70789. What is the tens digit of w?
0
Let c(z) = -4 - 2 - 9 + 20*z + 22*z**2 + z**3. Let o be c(-21). Suppose o*t = -t + 728. What is the tens digit of t?
0
Suppose 0 = -x - 4*y + 14, -2*y = x - 5*y + 7. Let u be -4*(-1)/x - -31. Suppose -u*b + 308 = -29*b. What is the units digit of b?
7
Let x(i) = -2*i**3 + 41*i**2 + 21*i - 6. Let c be x(21). Let w(y) = -123*y - 67. What is the units digit of w(c)?
1
Let j(f) = f**3 + 5*f**2 - f - 6. Let a be j(-5). Let l be (2/(-12))/(8/(-24))*-2. What is the units digit of 74 + 0 + a/l?
5
Let q be -32*3/6*-58. Suppose -11*p + q = -414. Suppose t - p = -7. What is the tens digit of t?
1
Suppose 4*g - 2*x - 59000 = 0, 3*g + 6*x = 3*g. What is the units digit of g?
0
What is the tens digit of (1429/(-4))/(171/36 - 5)?
2
Suppose 8*u - 11342 = 26898. What is the units digit of u?
0
Let y(c) = -c - 169. Let j be y(0). Suppose -2*n = p + 231, 30*p = 2*n + 32*p + 226. Let h = n - j. What is the tens digit of h?
5
Let q(j) = -j**3 - 5*j**2 + 9*j - 8. Suppose 0*f = -2*f - 8, -56 = 5*n + 4*f. Let d be q(n). What is the units digit of (-28)/d + 0 + 145/4?
6
Let f = -14786 - -14778. Let c(h) = 2*h**3 + 8*h**2 - 4. Let x be c(-6). What is the units digit of -2 + x/f*2?
5
Let t be 18/(-24) - (-85)/(-4). Let k = -14 - t. Let o = k - -4. What is the tens digit of o?
1
Let h = -17 - -28. Let d = -4 + h. Suppose -430 = -d*v + 2*v. What is the tens digit of v?
8
Suppose 0*j + 63 = -3*j. What is the tens digit of ((-5)/(-2))/(j/(-2268))?
7
Suppose -4*z + 5*m - 71 + 373 = 0, 3*m - 67 = -z. Let g be (1885/(-52))/(5/(-4)). Suppose 0 = v - z - g. What is the hundreds digit of v?
1
Let r = -99783 + 170698. What is the hundreds digit of r?
9
Let h = 45 - 41. Suppose 5*q - 48 = -j - j, -h*j = q - 96. Let f = j - 7. What is the tens digit of f?
1
Let p(b) = -b + 54 - 101 + b**3 + 73 - 15*b**2. What is the hundreds digit of p(16)?
2
Let f(v) = 49*v**2 - 141*v + 20. What is the hundreds digit of f(39)?
0
Let l = 788 - -23837. What is the units digit of l?
5
Let v(z) = -23*z + 5. Let j be v(-25). Let i = j + -276. What is the units digit of i?
4
Suppose 0 = p + 3, 5*p + 8811 = 2*o + 2*p. What is the units digit of o?
1
Suppose 4 = -6*z + 16. Let s be (-24)/(z + -6) + -1. Suppose g + 440 = 5*x, s*x - 4*x - 5*g = 88. What is the tens digit of x?
8
Let m be (57/76 - (-6)/(-8)) + 3. Suppose 7982 = -m*w + 16*w. What is the tens digit of w?
1
Let o(x) = 1888*x + 3226. What is the thousands digit of o(14)?
9
Suppose -48*g + 26 = -35*g. Let r(z) = z - 2. Let p be r(5). Suppose -p*i + 107 = g*d, 0 = d - 0*i - 3*i - 58. What is the units digit of d?
5
Let h be -3327*3/(-90) + 9/90. Suppose -455 = -8*r - h. What is the units digit of r?
3
What is the units digit of 888 - ((-25)/5 - -8)*-2?
4
Let v = 53431 - 17563. What is the hundreds digit of v?
8
Let u(m) = -m**3 - 5*m**2 + 3*m - 8. Let h be u(-6). Let d(g) = 0*g - 4 + 5*g + h*g - g. What is the units digit of d(4)?
2
Let r(d) = 34*d**2 + d + 2. Let w be r(-1). Let l(h) = 4*h - h + w*h**2 + 18 - 21 - 6*h. What is the units digit of l(-1)?
5
Let n = 24 + -21. Suppose 4*s + 2 = -p, -2*p - 1 = 4*s + n. Suppose -5*f + 3*f + 68 = s. What is the units digit of f?
4
Let k be 78/12 - 12/8. Suppose -4*r - k*r - 936 = 0. What is the units digit of (r/10)/(((-4)/5)/4)?
2
Let k be (-1)/6 - (-716)/(-24). Let j(c) = 6*c**2 - 4*c + 3. Let o be j(3). What is the tens digit of (o/(-10))/9*k?
1
Let u be (39/26)/((-2)/(-4)). Suppose x = 4*r + 3, -u*r + 3 - 9 = -2*x. What is the units digit of x*(-2)/6 + 45?
4
Suppose -7*a - 57 = -4*a. Let s(y) = y**2 + 4*y + 27. What is the units digit of s(a)?
2
Suppose 6*f = 3 + 3. What is the tens digit of 1 + f - (0 + -440)?
4
Suppose 221 = 17*n + 17. What is the tens digit of ((-4)/n*3)/(2/(-1454))?
2
Let u = 689 + -684. Suppose -105 = -u*t + 11*n - 9*n, 4*n + 21 = t. What is the units digit of t?
1
Suppose -13*f = -18*f + 3*m + 34439, -3*f = 2*m - 20671. What is the thousands digit of f?
6
Suppose -16 = 61*w - 65*w. Suppose 7 = q - 4*d, w*q + 0*d = d + 13. Suppose q*r + 3*f - 693 = 0, -f = -5*r + 4*f + 1155. What is the units digit of r?
1
Let g(f) = -3*f + 7. Let y(z) = 7*z - 13. Let q(l) = 5*g(l) + 3*y(l). Let c(j) = 26*j - 1867. Let s be c(72). What is the units digit of q(s)?
6
Let m(n) = n**3 + 40*n - 34 - 29 + 17*n**2 + 44. What is the tens digit of m(-12)?
2
Suppose -19*t = -2*t + 3927. Let x = -203 - t. What is the tens digit of x?
2
Let b be (33/(-15) + 1)*-5. Suppose 4208 + 1798 = b*i. What is the units digit of i?
1
Let p = 7046 + -4947. Suppose 0*o = 4*o - 5*k - p, -522 = -o + 4*k. What is the hundreds digit of o?
5
What is the tens digit of 21/6*-4*272952/(-272)?
4
Let f(u) = u**2 + 247*u - 1519. Let q be f(6). Let n(l) = l**3 - 6*l**2 + 4*l + 6. Let o be n(5). What is the units digit of ((-141)/(-9))/(o/(-3)*q)?
7
Suppose 0*p + 5*j - 23 = p, 3*p + 4*j - 7 = 0. Let x be -1*(p - 2) - -667. Suppose 8*c - x - 448 = 0. What is the units digit of c?
0
Suppose 188*k - 230*k + 473592 = 0. What is the hundreds digit of k?
2
What is the units digit of (57168/(-192))/((-8)/12 - 1438/(-2184))?
7
Suppose -3*l + 2 + 4 = 0. Suppose 102 = j - 5*t, -6*t = -5*j - 3*t + 400. What is the units digit of j*((-5)/(-10))/(l/4)?
7
Let o(h) = -1223*h + 4411. What is the thousands digit of o(-41)?
4
Let x be (-12 - 1)*9/9. Let d(n) = -2*n**2 - 37*n - 13. What is the tens digit of d(x)?
3
Suppose -103*t + 163717 + 6235539 - 866920 = 0. What is the thousands digit of t?
3
Let r = 36 - 36. Suppose i - 164 = -r*i. Let h = 306 - i. What is the tens digit of h?
4
Let w(x) = x**3 - x**2 - 17*x + 7. Let k = -147 - -155. What is the hundreds digit of w(k)?
3
Let o = 21882 + -17416. What is the units digit of o?
6
What is the units digit of 2772/594*2983